{"id":473,"date":"2023-09-14T12:59:53","date_gmt":"2023-09-14T12:59:53","guid":{"rendered":"https:\/\/xn--momcommunication-dqb.fr\/?page_id=473"},"modified":"2026-02-13T14:32:35","modified_gmt":"2026-02-13T14:32:35","slug":"mes-projets","status":"publish","type":"page","link":"https:\/\/momecommunication.fr\/?page_id=473","title":{"rendered":"GALERIE"},"content":{"rendered":"<h2>MES PROJETS<\/h2>\n<p>D\u00e9couvrez mon portfolio de projets r\u00e9alis\u00e9s. Explorez mon savoir-faire en communication, gestion des r\u00e9seaux sociaux, cr\u00e9ation graphique, site web vitrine et newsletter. Laissez-vous inspirer par la diversit\u00e9 de mes r\u00e9alisations.<\/p>\n<figure class='gallery-item'>\n\t\t\t\t<a data-elementor-open-lightbox=\"yes\" data-elementor-lightbox-slideshow=\"14dc274\" data-elementor-lightbox-title=\"LOGO AMICI PROD.ai\" data-e-action-hash=\"#elementor-action%3Aaction%3Dlightbox%26settings%3DeyJpZCI6MjA3MywidXJsIjoiaHR0cHM6XC9cL21vbWVjb21tdW5pY2F0aW9uLmZyXC93cC1jb250ZW50XC91cGxvYWRzXC8yMDI2XC8wMlwvTE9HTy1BTUlDSS1QUk9ELmFpXy1zY2FsZWQucG5nIiwic2xpZGVzaG93IjoiMTRkYzI3NCJ9\" href='https:\/\/momecommunication.fr\/wp-content\/uploads\/2026\/02\/LOGO-AMICI-PROD.ai_-scaled.png'><img width=\"768\" height=\"464\" src=\"https:\/\/momecommunication.fr\/wp-content\/uploads\/2026\/02\/LOGO-AMICI-PROD.ai_-768x464.png\" alt=\"\" decoding=\"async\" loading=\"lazy\" srcset=\"https:\/\/momecommunication.fr\/wp-content\/uploads\/2026\/02\/LOGO-AMICI-PROD.ai_-768x464.png 768w, https:\/\/momecommunication.fr\/wp-content\/uploads\/2026\/02\/LOGO-AMICI-PROD.ai_-300x181.png 300w, https:\/\/momecommunication.fr\/wp-content\/uploads\/2026\/02\/LOGO-AMICI-PROD.ai_-1024x618.png 1024w, https:\/\/momecommunication.fr\/wp-content\/uploads\/2026\/02\/LOGO-AMICI-PROD.ai_-1536x928.png 1536w, https:\/\/momecommunication.fr\/wp-content\/uploads\/2026\/02\/LOGO-AMICI-PROD.ai_-scaled.png 2048w\" sizes=\"auto, (max-width: 768px) 100vw, 768px\" \/><\/a><br \/>\n\t\t\t<\/figure>\n<figure class='gallery-item'>\n\t\t\t\t<a data-elementor-open-lightbox=\"yes\" data-elementor-lightbox-slideshow=\"14dc274\" data-elementor-lightbox-title=\"Design sans titre (1)\" data-e-action-hash=\"#elementor-action%3Aaction%3Dlightbox%26settings%3DeyJpZCI6MjA4OSwidXJsIjoiaHR0cHM6XC9cL21vbWVjb21tdW5pY2F0aW9uLmZyXC93cC1jb250ZW50XC91cGxvYWRzXC8yMDI2XC8wMlwvRGVzaWduLXNhbnMtdGl0cmUtMS5wbmciLCJzbGlkZXNob3ciOiIxNGRjMjc0In0%3D\" href='https:\/\/momecommunication.fr\/wp-content\/uploads\/2026\/02\/Design-sans-titre-1.png'><img width=\"768\" height=\"768\" src=\"https:\/\/momecommunication.fr\/wp-content\/uploads\/2026\/02\/Design-sans-titre-1-768x768.png\" alt=\"\" decoding=\"async\" loading=\"lazy\" srcset=\"https:\/\/momecommunication.fr\/wp-content\/uploads\/2026\/02\/Design-sans-titre-1-768x768.png 768w, https:\/\/momecommunication.fr\/wp-content\/uploads\/2026\/02\/Design-sans-titre-1-300x300.png 300w, https:\/\/momecommunication.fr\/wp-content\/uploads\/2026\/02\/Design-sans-titre-1-1024x1024.png 1024w, https:\/\/momecommunication.fr\/wp-content\/uploads\/2026\/02\/Design-sans-titre-1-150x150.png 150w, https:\/\/momecommunication.fr\/wp-content\/uploads\/2026\/02\/Design-sans-titre-1-1536x1536.png 1536w, https:\/\/momecommunication.fr\/wp-content\/uploads\/2026\/02\/Design-sans-titre-1.png 2000w\" sizes=\"auto, (max-width: 768px) 100vw, 768px\" \/><\/a><br \/>\n\t\t\t<\/figure>\n<figure class='gallery-item'>\n\t\t\t\t<a data-elementor-open-lightbox=\"yes\" data-elementor-lightbox-slideshow=\"14dc274\" data-elementor-lightbox-title=\"Pr\u00e9sentation Le Relais (Logo)\" data-e-action-hash=\"#elementor-action%3Aaction%3Dlightbox%26settings%3DeyJpZCI6MjA5NSwidXJsIjoiaHR0cHM6XC9cL21vbWVjb21tdW5pY2F0aW9uLmZyXC93cC1jb250ZW50XC91cGxvYWRzXC8yMDI2XC8wMlwvUHJlc2VudGF0aW9uLUxlLVJlbGFpcy1Mb2dvLmpwZyIsInNsaWRlc2hvdyI6IjE0ZGMyNzQifQ%3D%3D\" href='https:\/\/momecommunication.fr\/wp-content\/uploads\/2026\/02\/Presentation-Le-Relais-Logo.jpg'><img width=\"768\" height=\"768\" src=\"https:\/\/momecommunication.fr\/wp-content\/uploads\/2026\/02\/Presentation-Le-Relais-Logo-768x768.jpg\" alt=\"\" decoding=\"async\" loading=\"lazy\" srcset=\"https:\/\/momecommunication.fr\/wp-content\/uploads\/2026\/02\/Presentation-Le-Relais-Logo-768x768.jpg 768w, https:\/\/momecommunication.fr\/wp-content\/uploads\/2026\/02\/Presentation-Le-Relais-Logo-300x300.jpg 300w, https:\/\/momecommunication.fr\/wp-content\/uploads\/2026\/02\/Presentation-Le-Relais-Logo-1024x1024.jpg 1024w, https:\/\/momecommunication.fr\/wp-content\/uploads\/2026\/02\/Presentation-Le-Relais-Logo-150x150.jpg 150w, https:\/\/momecommunication.fr\/wp-content\/uploads\/2026\/02\/Presentation-Le-Relais-Logo-1536x1536.jpg 1536w, https:\/\/momecommunication.fr\/wp-content\/uploads\/2026\/02\/Presentation-Le-Relais-Logo.jpg 2000w\" sizes=\"auto, (max-width: 768px) 100vw, 768px\" \/><\/a><br \/>\n\t\t\t<\/figure>\n<figure class='gallery-item'>\n\t\t\t\t<a data-elementor-open-lightbox=\"yes\" data-elementor-lightbox-slideshow=\"14dc274\" data-elementor-lightbox-title=\"IMG_0826-2\" data-e-action-hash=\"#elementor-action%3Aaction%3Dlightbox%26settings%3DeyJpZCI6NjQsInVybCI6Imh0dHBzOlwvXC9tb21lY29tbXVuaWNhdGlvbi5mclwvd3AtY29udGVudFwvdXBsb2Fkc1wvMjAyM1wvMDlcL0lNR18wODI2LTIuanBnIiwic2xpZGVzaG93IjoiMTRkYzI3NCJ9\" href='https:\/\/momecommunication.fr\/wp-content\/uploads\/2023\/09\/IMG_0826-2.jpg'><img width=\"768\" height=\"1317\" src=\"https:\/\/momecommunication.fr\/wp-content\/uploads\/2023\/09\/IMG_0826-2-768x1317.jpg\" alt=\"FEED INSTAGRAM Balder and Frigg\" aria-describedby=\"gallery-3-64\" decoding=\"async\" loading=\"lazy\" srcset=\"https:\/\/momecommunication.fr\/wp-content\/uploads\/2023\/09\/IMG_0826-2-768x1317.jpg 768w, https:\/\/momecommunication.fr\/wp-content\/uploads\/2023\/09\/IMG_0826-2-175x300.jpg 175w, https:\/\/momecommunication.fr\/wp-content\/uploads\/2023\/09\/IMG_0826-2-597x1024.jpg 597w, https:\/\/momecommunication.fr\/wp-content\/uploads\/2023\/09\/IMG_0826-2-896x1536.jpg 896w, https:\/\/momecommunication.fr\/wp-content\/uploads\/2023\/09\/IMG_0826-2.jpg 1170w\" sizes=\"auto, (max-width: 768px) 100vw, 768px\" \/><\/a><figcaption class='wp-caption-text gallery-caption' id='gallery-3-64'>\n\t\t\t\tFeed Instagram<br \/>\n\t\t\t\t<\/figcaption><\/figure>\n<figure class='gallery-item'>\n\t\t\t\t<a data-elementor-open-lightbox=\"yes\" data-elementor-lightbox-slideshow=\"14dc274\" data-elementor-lightbox-title=\"IMG_0827\" data-e-action-hash=\"#elementor-action%3Aaction%3Dlightbox%26settings%3DeyJpZCI6NjMsInVybCI6Imh0dHBzOlwvXC9tb21lY29tbXVuaWNhdGlvbi5mclwvd3AtY29udGVudFwvdXBsb2Fkc1wvMjAyM1wvMDlcL0lNR18wODI3LmpwZyIsInNsaWRlc2hvdyI6IjE0ZGMyNzQifQ%3D%3D\" href='https:\/\/momecommunication.fr\/wp-content\/uploads\/2023\/09\/IMG_0827.jpg'><img width=\"768\" height=\"1323\" src=\"https:\/\/momecommunication.fr\/wp-content\/uploads\/2023\/09\/IMG_0827-768x1323.jpg\" alt=\"FEED INSTAGRAM KLIPPAN\" aria-describedby=\"gallery-3-63\" decoding=\"async\" loading=\"lazy\" srcset=\"https:\/\/momecommunication.fr\/wp-content\/uploads\/2023\/09\/IMG_0827-768x1323.jpg 768w, https:\/\/momecommunication.fr\/wp-content\/uploads\/2023\/09\/IMG_0827-174x300.jpg 174w, https:\/\/momecommunication.fr\/wp-content\/uploads\/2023\/09\/IMG_0827-595x1024.jpg 595w, https:\/\/momecommunication.fr\/wp-content\/uploads\/2023\/09\/IMG_0827-892x1536.jpg 892w, https:\/\/momecommunication.fr\/wp-content\/uploads\/2023\/09\/IMG_0827.jpg 1170w\" sizes=\"auto, (max-width: 768px) 100vw, 768px\" \/><\/a><figcaption class='wp-caption-text gallery-caption' id='gallery-3-63'>\n\t\t\t\tFeed Instagram<br \/>\n\t\t\t\t<\/figcaption><\/figure>\n<figure class='gallery-item'>\n\t\t\t\t<a data-elementor-open-lightbox=\"yes\" data-elementor-lightbox-slideshow=\"14dc274\" data-elementor-lightbox-title=\"IMG_0825\" data-e-action-hash=\"#elementor-action%3Aaction%3Dlightbox%26settings%3DeyJpZCI6NjUsInVybCI6Imh0dHBzOlwvXC9tb21lY29tbXVuaWNhdGlvbi5mclwvd3AtY29udGVudFwvdXBsb2Fkc1wvMjAyM1wvMDlcL0lNR18wODI1LmpwZyIsInNsaWRlc2hvdyI6IjE0ZGMyNzQifQ%3D%3D\" href='https:\/\/momecommunication.fr\/wp-content\/uploads\/2023\/09\/IMG_0825.jpg'><img width=\"768\" height=\"1325\" src=\"https:\/\/momecommunication.fr\/wp-content\/uploads\/2023\/09\/IMG_0825-768x1325.jpg\" alt=\"FEED INSTAGRAM MADAMSTOLTZ\" aria-describedby=\"gallery-3-65\" decoding=\"async\" loading=\"lazy\" srcset=\"https:\/\/momecommunication.fr\/wp-content\/uploads\/2023\/09\/IMG_0825-768x1325.jpg 768w, https:\/\/momecommunication.fr\/wp-content\/uploads\/2023\/09\/IMG_0825-174x300.jpg 174w, https:\/\/momecommunication.fr\/wp-content\/uploads\/2023\/09\/IMG_0825-593x1024.jpg 593w, https:\/\/momecommunication.fr\/wp-content\/uploads\/2023\/09\/IMG_0825-890x1536.jpg 890w, https:\/\/momecommunication.fr\/wp-content\/uploads\/2023\/09\/IMG_0825.jpg 1170w\" sizes=\"auto, (max-width: 768px) 100vw, 768px\" \/><\/a><figcaption class='wp-caption-text gallery-caption' id='gallery-3-65'>\n\t\t\t\tFeed Instagram<br \/>\n\t\t\t\t<\/figcaption><\/figure>\n<figure class='gallery-item'>\n\t\t\t\t<a data-elementor-open-lightbox=\"yes\" data-elementor-lightbox-slideshow=\"14dc274\" data-elementor-lightbox-title=\"Vente en direct du bateau p&#039;tit roi\" data-e-action-hash=\"#elementor-action%3Aaction%3Dlightbox%26settings%3DeyJpZCI6MjA3MCwidXJsIjoiaHR0cHM6XC9cL21vbWVjb21tdW5pY2F0aW9uLmZyXC93cC1jb250ZW50XC91cGxvYWRzXC8yMDI2XC8wMlwvVmVudGUtZW4tZGlyZWN0LWR1LWJhdGVhdS1wdGl0LXJvaS5qcGciLCJzbGlkZXNob3ciOiIxNGRjMjc0In0%3D\" href='https:\/\/momecommunication.fr\/wp-content\/uploads\/2026\/02\/Vente-en-direct-du-bateau-ptit-roi.jpg'><img width=\"768\" height=\"960\" src=\"https:\/\/momecommunication.fr\/wp-content\/uploads\/2026\/02\/Vente-en-direct-du-bateau-ptit-roi-768x960.jpg\" alt=\"\" decoding=\"async\" loading=\"lazy\" srcset=\"https:\/\/momecommunication.fr\/wp-content\/uploads\/2026\/02\/Vente-en-direct-du-bateau-ptit-roi-768x960.jpg 768w, https:\/\/momecommunication.fr\/wp-content\/uploads\/2026\/02\/Vente-en-direct-du-bateau-ptit-roi-240x300.jpg 240w, https:\/\/momecommunication.fr\/wp-content\/uploads\/2026\/02\/Vente-en-direct-du-bateau-ptit-roi-819x1024.jpg 819w, https:\/\/momecommunication.fr\/wp-content\/uploads\/2026\/02\/Vente-en-direct-du-bateau-ptit-roi.jpg 1080w\" sizes=\"auto, (max-width: 768px) 100vw, 768px\" \/><\/a><br \/>\n\t\t\t<\/figure>\n<figure class='gallery-item'>\n\t\t\t\t<a data-elementor-open-lightbox=\"yes\" data-elementor-lightbox-slideshow=\"14dc274\" data-elementor-lightbox-title=\"Publication Instagram Relais\" data-e-action-hash=\"#elementor-action%3Aaction%3Dlightbox%26settings%3DeyJpZCI6MjA3MiwidXJsIjoiaHR0cHM6XC9cL21vbWVjb21tdW5pY2F0aW9uLmZyXC93cC1jb250ZW50XC91cGxvYWRzXC8yMDI2XC8wMlwvUHVibGljYXRpb24tSW5zdGFncmFtLVJlbGFpcy0xLnBuZyIsInNsaWRlc2hvdyI6IjE0ZGMyNzQifQ%3D%3D\" href='https:\/\/momecommunication.fr\/wp-content\/uploads\/2026\/02\/Publication-Instagram-Relais-1.png'><img width=\"768\" height=\"960\" src=\"https:\/\/momecommunication.fr\/wp-content\/uploads\/2026\/02\/Publication-Instagram-Relais-1-768x960.png\" alt=\"\" decoding=\"async\" loading=\"lazy\" srcset=\"https:\/\/momecommunication.fr\/wp-content\/uploads\/2026\/02\/Publication-Instagram-Relais-1-768x960.png 768w, https:\/\/momecommunication.fr\/wp-content\/uploads\/2026\/02\/Publication-Instagram-Relais-1-240x300.png 240w, https:\/\/momecommunication.fr\/wp-content\/uploads\/2026\/02\/Publication-Instagram-Relais-1-819x1024.png 819w, https:\/\/momecommunication.fr\/wp-content\/uploads\/2026\/02\/Publication-Instagram-Relais-1.png 1080w\" sizes=\"auto, (max-width: 768px) 100vw, 768px\" \/><\/a><br \/>\n\t\t\t<\/figure>\n<figure class='gallery-item'>\n\t\t\t\t<a data-elementor-open-lightbox=\"yes\" data-elementor-lightbox-slideshow=\"14dc274\" data-elementor-lightbox-title=\"Post Instagram Normandie Traiteur\" data-e-action-hash=\"#elementor-action%3Aaction%3Dlightbox%26settings%3DeyJpZCI6MjA3NSwidXJsIjoiaHR0cHM6XC9cL21vbWVjb21tdW5pY2F0aW9uLmZyXC93cC1jb250ZW50XC91cGxvYWRzXC8yMDI2XC8wMlwvUG9zdC1JbnN0YWdyYW0tTm9ybWFuZGllLVRyYWl0ZXVyLS5wbmciLCJzbGlkZXNob3ciOiIxNGRjMjc0In0%3D\" href='https:\/\/momecommunication.fr\/wp-content\/uploads\/2026\/02\/Post-Instagram-Normandie-Traiteur-.png'><img width=\"768\" height=\"960\" src=\"https:\/\/momecommunication.fr\/wp-content\/uploads\/2026\/02\/Post-Instagram-Normandie-Traiteur--768x960.png\" alt=\"\" decoding=\"async\" loading=\"lazy\" srcset=\"https:\/\/momecommunication.fr\/wp-content\/uploads\/2026\/02\/Post-Instagram-Normandie-Traiteur--768x960.png 768w, https:\/\/momecommunication.fr\/wp-content\/uploads\/2026\/02\/Post-Instagram-Normandie-Traiteur--240x300.png 240w, https:\/\/momecommunication.fr\/wp-content\/uploads\/2026\/02\/Post-Instagram-Normandie-Traiteur--819x1024.png 819w, https:\/\/momecommunication.fr\/wp-content\/uploads\/2026\/02\/Post-Instagram-Normandie-Traiteur-.png 1080w\" sizes=\"auto, (max-width: 768px) 100vw, 768px\" \/><\/a><br \/>\n\t\t\t<\/figure>\n<p style=\"text-align: center;\">N&rsquo;h\u00e9sitez pas \u00e0 nous contacter pour discuter de votre projet !<\/p>\n<p>\t\t\t<a href=\"https:\/\/momecommunication.fr\/?page_id=586\" target=\"_blank\"><br \/>\n\t\t\t\t\t\tContact<br \/>\n\t\t\t\t\t<\/a><br \/>\n\t\t\t<a href=\"https:\/\/www.facebook.com\/profile.php?id=61551229767623\"><br \/>\n\t\t\t\t\t\t<\/a><br \/>\n\t\t\t<a href=\"https:\/\/instagram.com\/mome.communication?igshid=YTQwZjQ0NmI0OA==\"><br \/>\n\t\t\t\t\t\t<\/a><\/p>\n","protected":false},"excerpt":{"rendered":"<p>MES PROJETS D\u00e9couvrez mon portfolio de projets r\u00e9alis\u00e9s. Explorez mon savoir-faire en communication, gestion des r\u00e9seaux sociaux, cr\u00e9ation graphique, site [&hellip;]<\/p>\n","protected":false},"author":1,"featured_media":0,"parent":0,"menu_order":0,"comment_status":"closed","ping_status":"closed","template":"elementor_header_footer","meta":{"_seopress_robots_primary_cat":"","om_disable_all_campaigns":false,"_uag_custom_page_level_css":"","_monsterinsights_skip_tracking":false,"_monsterinsights_sitenote_active":false,"_monsterinsights_sitenote_note":"","_monsterinsights_sitenote_category":0,"site-sidebar-layout":"default","site-content-layout":"","ast-site-content-layout":"default","site-content-style":"default","site-sidebar-style":"default","ast-global-header-display":"","ast-banner-title-visibility":"","ast-main-header-display":"","ast-hfb-above-header-display":"","ast-hfb-below-header-display":"","ast-hfb-mobile-header-display":"","site-post-title":"","ast-breadcrumbs-content":"","ast-featured-img":"","footer-sml-layout":"","ast-disable-related-posts":"","theme-transparent-header-meta":"","adv-header-id-meta":"","stick-header-meta":"","header-above-stick-meta":"","header-main-stick-meta":"","header-below-stick-meta":"","astra-migrate-meta-layouts":"default","ast-page-background-enabled":"default","ast-page-background-meta":{"desktop":{"background-color":"var(--ast-global-color-5)","background-image":"","background-repeat":"repeat","background-position":"center center","background-size":"auto","background-attachment":"scroll","background-type":"","background-media":"","overlay-type":"","overlay-color":"","overlay-opacity":"","overlay-gradient":""},"tablet":{"background-color":"","background-image":"","background-repeat":"repeat","background-position":"center center","background-size":"auto","background-attachment":"scroll","background-type":"","background-media":"","overlay-type":"","overlay-color":"","overlay-opacity":"","overlay-gradient":""},"mobile":{"background-color":"","background-image":"","background-repeat":"repeat","background-position":"center center","background-size":"auto","background-attachment":"scroll","background-type":"","background-media":"","overlay-type":"","overlay-color":"","overlay-opacity":"","overlay-gradient":""}},"ast-content-background-meta":{"desktop":{"background-color":"var(--ast-global-color-4)","background-image":"","background-repeat":"repeat","background-position":"center center","background-size":"auto","background-attachment":"scroll","background-type":"","background-media":"","overlay-type":"","overlay-color":"","overlay-opacity":"","overlay-gradient":""},"tablet":{"background-color":"var(--ast-global-color-4)","background-image":"","background-repeat":"repeat","background-position":"center center","background-size":"auto","background-attachment":"scroll","background-type":"","background-media":"","overlay-type":"","overlay-color":"","overlay-opacity":"","overlay-gradient":""},"mobile":{"background-color":"var(--ast-global-color-4)","background-image":"","background-repeat":"repeat","background-position":"center center","background-size":"auto","background-attachment":"scroll","background-type":"","background-media":"","overlay-type":"","overlay-color":"","overlay-opacity":"","overlay-gradient":""}},"footnotes":""},"class_list":["post-473","page","type-page","status-publish","hentry"],"aioseo_notices":[],"yoast_head":"<!-- This site is optimized with the Yoast SEO plugin v21.2 - https:\/\/yoast.com\/wordpress\/plugins\/seo\/ -->\n<title>MES PROJETS - PORTFOLIO<\/title>\n<meta name=\"description\" content=\"D\u00e9couvrez mon portfolio de projets. Explorez mon savoir-faire en communication, gestion des r\u00e9seaux sociaux, cr\u00e9ation graphique, site web.\" \/>\n<meta name=\"robots\" content=\"index, follow, max-snippet:-1, max-image-preview:large, max-video-preview:-1\" \/>\n<link rel=\"canonical\" href=\"https:\/\/momecommunication.fr\/?page_id=473\" \/>\n<meta property=\"og:locale\" content=\"fr_FR\" \/>\n<meta property=\"og:type\" content=\"article\" \/>\n<meta property=\"og:title\" content=\"MES PROJETS - PORTFOLIO\" \/>\n<meta property=\"og:description\" content=\"D\u00e9couvrez mon portfolio de projets. Explorez mon savoir-faire en communication, gestion des r\u00e9seaux sociaux, cr\u00e9ation graphique, site web.\" \/>\n<meta property=\"og:url\" content=\"https:\/\/momecommunication.fr\/?page_id=473\" \/>\n<meta property=\"article:publisher\" content=\"https:\/\/www.facebook.com\/profile.php?id=61551229767623\" \/>\n<meta property=\"article:modified_time\" content=\"2026-02-13T14:32:35+00:00\" \/>\n<meta property=\"og:image\" content=\"https:\/\/momecommunication.fr\/wp-content\/uploads\/2026\/02\/LOGO-AMICI-PROD.ai_-768x464.png\" \/>\n<meta name=\"twitter:card\" content=\"summary_large_image\" \/>\n<meta name=\"twitter:label1\" content=\"Dur\u00e9e de lecture estim\u00e9e\" \/>\n\t<meta name=\"twitter:data1\" content=\"3 minutes\" \/>\n<script type=\"application\/ld+json\" class=\"yoast-schema-graph\">{\"@context\":\"https:\/\/schema.org\",\"@graph\":[{\"@type\":\"WebPage\",\"@id\":\"https:\/\/momecommunication.fr\/?page_id=473\",\"url\":\"https:\/\/momecommunication.fr\/?page_id=473\",\"name\":\"MES PROJETS - PORTFOLIO\",\"isPartOf\":{\"@id\":\"https:\/\/momecommunication.fr\/#website\"},\"datePublished\":\"2023-09-14T12:59:53+00:00\",\"dateModified\":\"2026-02-13T14:32:35+00:00\",\"description\":\"D\u00e9couvrez mon portfolio de projets. Explorez mon savoir-faire en communication, gestion des r\u00e9seaux sociaux, cr\u00e9ation graphique, site web.\",\"breadcrumb\":{\"@id\":\"https:\/\/momecommunication.fr\/?page_id=473#breadcrumb\"},\"inLanguage\":\"fr-FR\",\"potentialAction\":[{\"@type\":\"ReadAction\",\"target\":[\"https:\/\/momecommunication.fr\/?page_id=473\"]}]},{\"@type\":\"BreadcrumbList\",\"@id\":\"https:\/\/momecommunication.fr\/?page_id=473#breadcrumb\",\"itemListElement\":[{\"@type\":\"ListItem\",\"position\":1,\"name\":\"Accueil\",\"item\":\"https:\/\/momecommunication.fr\/\"},{\"@type\":\"ListItem\",\"position\":2,\"name\":\"GALERIE\"}]},{\"@type\":\"WebSite\",\"@id\":\"https:\/\/momecommunication.fr\/#website\",\"url\":\"https:\/\/momecommunication.fr\/\",\"name\":\"\",\"description\":\"\",\"potentialAction\":[{\"@type\":\"SearchAction\",\"target\":{\"@type\":\"EntryPoint\",\"urlTemplate\":\"https:\/\/momecommunication.fr\/?s={search_term_string}\"},\"query-input\":\"required name=search_term_string\"}],\"inLanguage\":\"fr-FR\"}]}<\/script>\n<!-- \/ Yoast SEO plugin. -->","yoast_head_json":{"title":"MES PROJETS - PORTFOLIO","description":"D\u00e9couvrez mon portfolio de projets. Explorez mon savoir-faire en communication, gestion des r\u00e9seaux sociaux, cr\u00e9ation graphique, site web.","robots":{"index":"index","follow":"follow","max-snippet":"max-snippet:-1","max-image-preview":"max-image-preview:large","max-video-preview":"max-video-preview:-1"},"canonical":"https:\/\/momecommunication.fr\/?page_id=473","og_locale":"fr_FR","og_type":"article","og_title":"MES PROJETS - PORTFOLIO","og_description":"D\u00e9couvrez mon portfolio de projets. Explorez mon savoir-faire en communication, gestion des r\u00e9seaux sociaux, cr\u00e9ation graphique, site web.","og_url":"https:\/\/momecommunication.fr\/?page_id=473","article_publisher":"https:\/\/www.facebook.com\/profile.php?id=61551229767623","article_modified_time":"2026-02-13T14:32:35+00:00","og_image":[{"url":"https:\/\/momecommunication.fr\/wp-content\/uploads\/2026\/02\/LOGO-AMICI-PROD.ai_-768x464.png"}],"twitter_card":"summary_large_image","twitter_misc":{"Dur\u00e9e de lecture estim\u00e9e":"3 minutes"},"schema":{"@context":"https:\/\/schema.org","@graph":[{"@type":"WebPage","@id":"https:\/\/momecommunication.fr\/?page_id=473","url":"https:\/\/momecommunication.fr\/?page_id=473","name":"MES PROJETS - PORTFOLIO","isPartOf":{"@id":"https:\/\/momecommunication.fr\/#website"},"datePublished":"2023-09-14T12:59:53+00:00","dateModified":"2026-02-13T14:32:35+00:00","description":"D\u00e9couvrez mon portfolio de projets. Explorez mon savoir-faire en communication, gestion des r\u00e9seaux sociaux, cr\u00e9ation graphique, site web.","breadcrumb":{"@id":"https:\/\/momecommunication.fr\/?page_id=473#breadcrumb"},"inLanguage":"fr-FR","potentialAction":[{"@type":"ReadAction","target":["https:\/\/momecommunication.fr\/?page_id=473"]}]},{"@type":"BreadcrumbList","@id":"https:\/\/momecommunication.fr\/?page_id=473#breadcrumb","itemListElement":[{"@type":"ListItem","position":1,"name":"Accueil","item":"https:\/\/momecommunication.fr\/"},{"@type":"ListItem","position":2,"name":"GALERIE"}]},{"@type":"WebSite","@id":"https:\/\/momecommunication.fr\/#website","url":"https:\/\/momecommunication.fr\/","name":"","description":"","potentialAction":[{"@type":"SearchAction","target":{"@type":"EntryPoint","urlTemplate":"https:\/\/momecommunication.fr\/?s={search_term_string}"},"query-input":"required name=search_term_string"}],"inLanguage":"fr-FR"}]}},"uagb_featured_image_src":{"full":false,"thumbnail":false,"medium":false,"medium_large":false,"large":false,"1536x1536":false,"2048x2048":false},"uagb_author_info":{"display_name":"MOM_admin","author_link":"https:\/\/momecommunication.fr\/?author=1"},"uagb_comment_info":0,"uagb_excerpt":"MES PROJETS D\u00e9couvrez mon portfolio de projets r\u00e9alis\u00e9s. Explorez mon savoir-faire en communication, gestion des r\u00e9seaux sociaux, cr\u00e9ation graphique, site [&hellip;]","_links":{"self":[{"href":"https:\/\/momecommunication.fr\/index.php?rest_route=\/wp\/v2\/pages\/473","targetHints":{"allow":["GET"]}}],"collection":[{"href":"https:\/\/momecommunication.fr\/index.php?rest_route=\/wp\/v2\/pages"}],"about":[{"href":"https:\/\/momecommunication.fr\/index.php?rest_route=\/wp\/v2\/types\/page"}],"author":[{"embeddable":true,"href":"https:\/\/momecommunication.fr\/index.php?rest_route=\/wp\/v2\/users\/1"}],"replies":[{"embeddable":true,"href":"https:\/\/momecommunication.fr\/index.php?rest_route=%2Fwp%2Fv2%2Fcomments&post=473"}],"version-history":[{"count":51,"href":"https:\/\/momecommunication.fr\/index.php?rest_route=\/wp\/v2\/pages\/473\/revisions"}],"predecessor-version":[{"id":2098,"href":"https:\/\/momecommunication.fr\/index.php?rest_route=\/wp\/v2\/pages\/473\/revisions\/2098"}],"wp:attachment":[{"href":"https:\/\/momecommunication.fr\/index.php?rest_route=%2Fwp%2Fv2%2Fmedia&parent=473"}],"curies":[{"name":"wp","href":"https:\/\/api.w.org\/{rel}","templated":true}]}}