{"id":278,"date":"2023-09-14T07:46:05","date_gmt":"2023-09-14T07:46:05","guid":{"rendered":"https:\/\/xn--momcommunication-dqb.fr\/about-us"},"modified":"2026-02-13T13:50:53","modified_gmt":"2026-02-13T13:50:53","slug":"mome-communication-a-propos-dieppe","status":"publish","type":"page","link":"https:\/\/momecommunication.fr\/?page_id=278","title":{"rendered":"\u00c0 PROPOS"},"content":{"rendered":"<h1>MOM\u00c9 COMMUNICATION :  Augmenter votre visibilit\u00e9<\/h1>\n<p align=\"center\">Quelque soit la taille de votre entreprise et votre secteur d\u2019activit\u00e9,<b> vous avez besoin de communiquer.<\/b> Que vos <b>objectifs soient <\/b><b>d\u2019image ou de notori\u00e9t\u00e9<\/b>, je vous propose de vous accompagner en cr\u00e9ant pour vous du contenu correspondant aux <b>valeurs<\/b> de votre soci\u00e9t\u00e9 et adapt\u00e9s \u00e0 vos <b>besoins.<\/b><\/p>\n<h2>QUI SUIS-JE<\/h2>\n<p>Je suis\u00a0<strong>Salom\u00e9 Couvert<\/strong>. J\u2019ai r\u00e9cemment obtenu mon Master 2 en communication \u00e0 l\u2019ISTC de Lille, class\u00e9e parmi les meilleures \u00e9coles de communication Fran\u00e7aises.\u00a0<\/p>\n<p>Originaire de la <strong>R\u00e9gion Dieppoise \u00e0 laquelle je suis particuli\u00e8rement attach\u00e9e<\/strong>, je me suis lanc\u00e9e dans l\u2019aventure entrepreneuriale en cr\u00e9ant MOM\u00c9, mon agence de\u00a0<strong>communication<\/strong>.<\/p>\n<p>Mon objectif\u00a0? \u00a0mettre mon savoir-faire \u00e0 la disposition du talent des \u00a0<strong>entreprises locales<\/strong>\u00a0: restaurants, commerces, associations, h\u00f4tels\u2026<\/p>\n<p>Avec MOM\u00c9, mon objectif est de vous accompagner dans le d\u00e9veloppement de votre image de marque en cr\u00e9ant des contenus sur les r\u00e9seaux sociaux ou tout autre support (site internet, carte de visite, mailing, logo\u2026)<\/p>\n<p>N\u2019h\u00e9sitez pas \u00e0 me contacter pour discuter de la mani\u00e8re dont je peux vous aider \u00e0 d\u00e9velopper votre communication.<\/p>\n<p>\t\t\t<a href=\"https:\/\/momecommunication.fr\/?page_id=586\"><br \/>\n\t\t\t\t\t\tcONTACT<br \/>\n\t\t\t\t\t<\/a><br \/>\n\t\t\t\t\t\t\t\t\t\t\t\t\t\t\t<img decoding=\"async\" width=\"800\" height=\"1000\" src=\"https:\/\/momecommunication.fr\/wp-content\/uploads\/2023\/10\/1-819x1024.png\" alt=\"Mom\u00e9 communication\" loading=\"lazy\" srcset=\"https:\/\/momecommunication.fr\/wp-content\/uploads\/2023\/10\/1-819x1024.png 819w, https:\/\/momecommunication.fr\/wp-content\/uploads\/2023\/10\/1-240x300.png 240w, https:\/\/momecommunication.fr\/wp-content\/uploads\/2023\/10\/1-768x960.png 768w, https:\/\/momecommunication.fr\/wp-content\/uploads\/2023\/10\/1-1229x1536.png 1229w, https:\/\/momecommunication.fr\/wp-content\/uploads\/2023\/10\/1-1638x2048.png 1638w, https:\/\/momecommunication.fr\/wp-content\/uploads\/2023\/10\/1.png 2048w\" sizes=\"auto, (max-width: 800px) 100vw, 800px\" \/>\t\t\t\t\t\t\t\t\t\t\t\t\t\t\t<\/p>\n<h2>D\u2019O\u00d9 VIENT MOM\u00c9 COMMUNICATION ?<\/h2>\n<p style=\"text-align: center;\">Le nom \u00ab\u00a0<strong>Mom\u00e9\u00a0\u00bb<\/strong>\u00a0trouve son origine dans le \u00ab\u00a0petit nom\u00a0\u00bb de mon\u00a0<strong>enfance<\/strong>, c&rsquo;est une fusion de <strong>bienveillance<\/strong> et de <strong>sensibilit\u00e9<\/strong>\u00a0toujours pr\u00e9sentes dans mon approche.<\/p>\n<p style=\"text-align: center;\">Chez Mom\u00e9, chaque projet se m\u00e9tamorphose en une v\u00e9ritable <strong>exp\u00e9rience \u00e9motionnelle !<\/strong><\/p>\n<h2>MES AVIS<\/h2>\n<p>Tony Riemann<\/p>\n<p>\u00ab\u00a0Nous avons contact\u00e9 Salom\u00e9 pour r\u00e9aliser le logo de notre boutique, elle est \u00e0 l\u2019\u00e9coute et a su r\u00e9pondre \u00e0 nos attentes, le logo est magnifique et nous l\u2019avons eu en tr\u00e8s peu de temps, nous sommes ravis ! Good Job \ud83d\ude09\u00a0\u00bb<\/p>\n<p>Maxime Lepelley<\/p>\n<p>\u201cSalom\u00e9 s&rsquo;occupe de notre communication depuis deux ans, elle g\u00e8re nos r\u00e9seaux sociaux, cr\u00e9er nos newsletter, alimente notre site web&#8230;.\u00a0\u00bb<\/p>\n<p>Paquita Clapisson<\/p>\n<p>\u00ab\u00a0Personne tr\u00e8s s\u00e9rieuse et appliqu\u00e9e avec<br \/>\nde bons conseils je l\u2019ai sollicit\u00e9 pour mon entreprise et j\u2019en suis tr\u00e8s satisfaite, je recommande\u00a0\u00bb<\/p>\n<p>Virginie Marrec : Volt &#038; Ohm<\/p>\n<p>\u00ab\u00a0Tu nous a prouv\u00e9 ta valeur et ta cr\u00e9ativit\u00e9.<br \/>\nTu as fait preuve d\u2019\u00e9coute et de professionnalisme pour la cr\u00e9ation de notre logo, nous en sommes tr\u00e8s content. Encore merci.\u00a0\u00bb<\/p>\n<p>\t\t\t#PROJETS\t\t<\/p>\n<p style=\"text-align: center;\">momecommunication@gmail.com<\/p>\n<p>06 64 92 90 09<\/p>\n<p>\t\t\t\t\t<a href=\"https:\/\/instagram.com\/mome.communication?igshid=YTQwZjQ0NmI0OA==\" target=\"_blank\" communication=\"\"><br \/>\n\t\t\t\t\t\tInstagram<br \/>\n\t\t\t\t\t\t\t\t\t\t\t<\/a><br \/>\n\t\t\t\t\t<a href=\"https:\/\/www.facebook.com\/profile.php?id=61551229767623\" target=\"_blank\"><br \/>\n\t\t\t\t\t\tFacebook<br \/>\n\t\t\t\t\t\t\t\t\t\t\t<\/a><br \/>\n\t\t\t\t\t<a href=\"https:\/\/www.linkedin.com\/company\/mom%C3%A9-communication\/?originalSubdomain=fr\" target=\"_blank\"><br \/>\n\t\t\t\t\t\tLinkedin<br \/>\n\t\t\t\t\t\t\t\t\t\t\t<\/a><\/p>\n","protected":false},"excerpt":{"rendered":"<p>MOM\u00c9 COMMUNICATION : Augmenter votre visibilit\u00e9 Quelque soit la taille de votre entreprise et votre secteur d\u2019activit\u00e9, vous avez besoin [&hellip;]<\/p>\n","protected":false},"author":1,"featured_media":0,"parent":0,"menu_order":0,"comment_status":"closed","ping_status":"closed","template":"elementor_header_footer","meta":{"_seopress_robots_primary_cat":"","om_disable_all_campaigns":false,"_uag_custom_page_level_css":"","_monsterinsights_skip_tracking":false,"_monsterinsights_sitenote_active":false,"_monsterinsights_sitenote_note":"","_monsterinsights_sitenote_category":0,"site-sidebar-layout":"default","site-content-layout":"","ast-site-content-layout":"default","site-content-style":"default","site-sidebar-style":"default","ast-global-header-display":"","ast-banner-title-visibility":"","ast-main-header-display":"","ast-hfb-above-header-display":"","ast-hfb-below-header-display":"","ast-hfb-mobile-header-display":"","site-post-title":"","ast-breadcrumbs-content":"","ast-featured-img":"","footer-sml-layout":"","ast-disable-related-posts":"","theme-transparent-header-meta":"","adv-header-id-meta":"","stick-header-meta":"","header-above-stick-meta":"","header-main-stick-meta":"","header-below-stick-meta":"","astra-migrate-meta-layouts":"default","ast-page-background-enabled":"default","ast-page-background-meta":{"desktop":{"background-color":"var(--ast-global-color-5)","background-image":"","background-repeat":"repeat","background-position":"center center","background-size":"auto","background-attachment":"scroll","background-type":"","background-media":"","overlay-type":"","overlay-color":"","overlay-opacity":"","overlay-gradient":""},"tablet":{"background-color":"","background-image":"","background-repeat":"repeat","background-position":"center center","background-size":"auto","background-attachment":"scroll","background-type":"","background-media":"","overlay-type":"","overlay-color":"","overlay-opacity":"","overlay-gradient":""},"mobile":{"background-color":"","background-image":"","background-repeat":"repeat","background-position":"center center","background-size":"auto","background-attachment":"scroll","background-type":"","background-media":"","overlay-type":"","overlay-color":"","overlay-opacity":"","overlay-gradient":""}},"ast-content-background-meta":{"desktop":{"background-color":"var(--ast-global-color-4)","background-image":"","background-repeat":"repeat","background-position":"center center","background-size":"auto","background-attachment":"scroll","background-type":"","background-media":"","overlay-type":"","overlay-color":"","overlay-opacity":"","overlay-gradient":""},"tablet":{"background-color":"var(--ast-global-color-4)","background-image":"","background-repeat":"repeat","background-position":"center center","background-size":"auto","background-attachment":"scroll","background-type":"","background-media":"","overlay-type":"","overlay-color":"","overlay-opacity":"","overlay-gradient":""},"mobile":{"background-color":"var(--ast-global-color-4)","background-image":"","background-repeat":"repeat","background-position":"center center","background-size":"auto","background-attachment":"scroll","background-type":"","background-media":"","overlay-type":"","overlay-color":"","overlay-opacity":"","overlay-gradient":""}},"footnotes":""},"class_list":["post-278","page","type-page","status-publish","hentry"],"aioseo_notices":[],"yoast_head":"<!-- This site is optimized with the Yoast SEO plugin v21.2 - https:\/\/yoast.com\/wordpress\/plugins\/seo\/ -->\n<title>\u00c0 PROPOS -<\/title>\n<meta name=\"description\" content=\"Optimisez votre pr\u00e9sence digitale avec MOM\u00c9 Communication \u00e0 Dieppe. Des strat\u00e9gies de communication sur mesure.\" \/>\n<meta name=\"robots\" content=\"index, follow, max-snippet:-1, max-image-preview:large, max-video-preview:-1\" \/>\n<link rel=\"canonical\" href=\"https:\/\/momecommunication.fr\/?page_id=278\" \/>\n<meta property=\"og:locale\" content=\"fr_FR\" \/>\n<meta property=\"og:type\" content=\"article\" \/>\n<meta property=\"og:title\" content=\"\u00c0 PROPOS -\" \/>\n<meta property=\"og:description\" content=\"Optimisez votre pr\u00e9sence digitale avec MOM\u00c9 Communication \u00e0 Dieppe. Des strat\u00e9gies de communication sur mesure.\" \/>\n<meta property=\"og:url\" content=\"https:\/\/momecommunication.fr\/?page_id=278\" \/>\n<meta property=\"article:publisher\" content=\"https:\/\/www.facebook.com\/profile.php?id=61551229767623\" \/>\n<meta property=\"article:modified_time\" content=\"2026-02-13T13:50:53+00:00\" \/>\n<meta property=\"og:image\" content=\"https:\/\/momecommunication.fr\/wp-content\/uploads\/2023\/10\/1-819x1024.png\" \/>\n<meta name=\"twitter:card\" content=\"summary_large_image\" \/>\n<meta name=\"twitter:label1\" content=\"Dur\u00e9e de lecture estim\u00e9e\" \/>\n\t<meta name=\"twitter:data1\" content=\"3 minutes\" \/>\n<script type=\"application\/ld+json\" class=\"yoast-schema-graph\">{\"@context\":\"https:\/\/schema.org\",\"@graph\":[{\"@type\":\"WebPage\",\"@id\":\"https:\/\/momecommunication.fr\/?page_id=278\",\"url\":\"https:\/\/momecommunication.fr\/?page_id=278\",\"name\":\"\u00c0 PROPOS -\",\"isPartOf\":{\"@id\":\"https:\/\/momecommunication.fr\/#website\"},\"datePublished\":\"2023-09-14T07:46:05+00:00\",\"dateModified\":\"2026-02-13T13:50:53+00:00\",\"description\":\"Optimisez votre pr\u00e9sence digitale avec MOM\u00c9 Communication \u00e0 Dieppe. Des strat\u00e9gies de communication sur mesure.\",\"breadcrumb\":{\"@id\":\"https:\/\/momecommunication.fr\/?page_id=278#breadcrumb\"},\"inLanguage\":\"fr-FR\",\"potentialAction\":[{\"@type\":\"ReadAction\",\"target\":[\"https:\/\/momecommunication.fr\/?page_id=278\"]}]},{\"@type\":\"BreadcrumbList\",\"@id\":\"https:\/\/momecommunication.fr\/?page_id=278#breadcrumb\",\"itemListElement\":[{\"@type\":\"ListItem\",\"position\":1,\"name\":\"Accueil\",\"item\":\"https:\/\/momecommunication.fr\/\"},{\"@type\":\"ListItem\",\"position\":2,\"name\":\"\u00c0 PROPOS\"}]},{\"@type\":\"WebSite\",\"@id\":\"https:\/\/momecommunication.fr\/#website\",\"url\":\"https:\/\/momecommunication.fr\/\",\"name\":\"\",\"description\":\"\",\"potentialAction\":[{\"@type\":\"SearchAction\",\"target\":{\"@type\":\"EntryPoint\",\"urlTemplate\":\"https:\/\/momecommunication.fr\/?s={search_term_string}\"},\"query-input\":\"required name=search_term_string\"}],\"inLanguage\":\"fr-FR\"}]}<\/script>\n<!-- \/ Yoast SEO plugin. -->","yoast_head_json":{"title":"\u00c0 PROPOS -","description":"Optimisez votre pr\u00e9sence digitale avec MOM\u00c9 Communication \u00e0 Dieppe. Des strat\u00e9gies de communication sur mesure.","robots":{"index":"index","follow":"follow","max-snippet":"max-snippet:-1","max-image-preview":"max-image-preview:large","max-video-preview":"max-video-preview:-1"},"canonical":"https:\/\/momecommunication.fr\/?page_id=278","og_locale":"fr_FR","og_type":"article","og_title":"\u00c0 PROPOS -","og_description":"Optimisez votre pr\u00e9sence digitale avec MOM\u00c9 Communication \u00e0 Dieppe. Des strat\u00e9gies de communication sur mesure.","og_url":"https:\/\/momecommunication.fr\/?page_id=278","article_publisher":"https:\/\/www.facebook.com\/profile.php?id=61551229767623","article_modified_time":"2026-02-13T13:50:53+00:00","og_image":[{"url":"https:\/\/momecommunication.fr\/wp-content\/uploads\/2023\/10\/1-819x1024.png"}],"twitter_card":"summary_large_image","twitter_misc":{"Dur\u00e9e de lecture estim\u00e9e":"3 minutes"},"schema":{"@context":"https:\/\/schema.org","@graph":[{"@type":"WebPage","@id":"https:\/\/momecommunication.fr\/?page_id=278","url":"https:\/\/momecommunication.fr\/?page_id=278","name":"\u00c0 PROPOS -","isPartOf":{"@id":"https:\/\/momecommunication.fr\/#website"},"datePublished":"2023-09-14T07:46:05+00:00","dateModified":"2026-02-13T13:50:53+00:00","description":"Optimisez votre pr\u00e9sence digitale avec MOM\u00c9 Communication \u00e0 Dieppe. Des strat\u00e9gies de communication sur mesure.","breadcrumb":{"@id":"https:\/\/momecommunication.fr\/?page_id=278#breadcrumb"},"inLanguage":"fr-FR","potentialAction":[{"@type":"ReadAction","target":["https:\/\/momecommunication.fr\/?page_id=278"]}]},{"@type":"BreadcrumbList","@id":"https:\/\/momecommunication.fr\/?page_id=278#breadcrumb","itemListElement":[{"@type":"ListItem","position":1,"name":"Accueil","item":"https:\/\/momecommunication.fr\/"},{"@type":"ListItem","position":2,"name":"\u00c0 PROPOS"}]},{"@type":"WebSite","@id":"https:\/\/momecommunication.fr\/#website","url":"https:\/\/momecommunication.fr\/","name":"","description":"","potentialAction":[{"@type":"SearchAction","target":{"@type":"EntryPoint","urlTemplate":"https:\/\/momecommunication.fr\/?s={search_term_string}"},"query-input":"required name=search_term_string"}],"inLanguage":"fr-FR"}]}},"uagb_featured_image_src":{"full":false,"thumbnail":false,"medium":false,"medium_large":false,"large":false,"1536x1536":false,"2048x2048":false},"uagb_author_info":{"display_name":"MOM_admin","author_link":"https:\/\/momecommunication.fr\/?author=1"},"uagb_comment_info":0,"uagb_excerpt":"MOM\u00c9 COMMUNICATION : Augmenter votre visibilit\u00e9 Quelque soit la taille de votre entreprise et votre secteur d\u2019activit\u00e9, vous avez besoin [&hellip;]","_links":{"self":[{"href":"https:\/\/momecommunication.fr\/index.php?rest_route=\/wp\/v2\/pages\/278","targetHints":{"allow":["GET"]}}],"collection":[{"href":"https:\/\/momecommunication.fr\/index.php?rest_route=\/wp\/v2\/pages"}],"about":[{"href":"https:\/\/momecommunication.fr\/index.php?rest_route=\/wp\/v2\/types\/page"}],"author":[{"embeddable":true,"href":"https:\/\/momecommunication.fr\/index.php?rest_route=\/wp\/v2\/users\/1"}],"replies":[{"embeddable":true,"href":"https:\/\/momecommunication.fr\/index.php?rest_route=%2Fwp%2Fv2%2Fcomments&post=278"}],"version-history":[{"count":251,"href":"https:\/\/momecommunication.fr\/index.php?rest_route=\/wp\/v2\/pages\/278\/revisions"}],"predecessor-version":[{"id":2069,"href":"https:\/\/momecommunication.fr\/index.php?rest_route=\/wp\/v2\/pages\/278\/revisions\/2069"}],"wp:attachment":[{"href":"https:\/\/momecommunication.fr\/index.php?rest_route=%2Fwp%2Fv2%2Fmedia&parent=278"}],"curies":[{"name":"wp","href":"https:\/\/api.w.org\/{rel}","templated":true}]}}